Last updated on 2024-12-19 23:50:32 CET.
Flavor | Version | Tinstall | Tcheck | Ttotal | Status | Flags |
---|---|---|---|---|---|---|
r-devel-linux-x86_64-debian-clang | 0.6.1 | 4.00 | 40.38 | 44.38 | OK | |
r-devel-linux-x86_64-debian-gcc | 0.6.1 | 2.26 | 31.81 | 34.07 | OK | |
r-devel-linux-x86_64-fedora-clang | 0.6.1 | 73.22 | OK | |||
r-devel-linux-x86_64-fedora-gcc | 0.6.1 | 80.79 | OK | |||
r-devel-windows-x86_64 | 0.6.1 | 6.00 | 70.00 | 76.00 | OK | |
r-patched-linux-x86_64 | 0.6.1 | 2.83 | 38.05 | 40.88 | OK | |
r-release-linux-x86_64 | 0.6.1 | 3.43 | 38.72 | 42.15 | OK | |
r-release-macos-arm64 | 0.6.1 | 29.00 | OK | |||
r-release-macos-x86_64 | 0.6.1 | 73.00 | OK | |||
r-release-windows-x86_64 | 0.6.1 | 5.00 | 68.00 | 73.00 | OK | |
r-oldrel-macos-arm64 | 0.6.1 | 30.00 | OK | |||
r-oldrel-macos-x86_64 | 0.6.1 | 48.00 | NOTE | |||
r-oldrel-windows-x86_64 | 0.6.1 | 5.00 | 73.00 | 78.00 | OK |
Version: 0.6.1
Check: package dependencies
Result: NOTE
Package suggested but not available for checking: ‘semTools’
Flavor: r-oldrel-macos-x86_64
Version: 0.6.1
Check: Rd cross-references
Result: NOTE
Packages unavailable to check Rd xrefs: ‘OpenMx’, ‘semTools’
Flavor: r-oldrel-macos-x86_64