Last updated on 2024-12-19 23:50:33 CET.
Flavor | Version | Tinstall | Tcheck | Ttotal | Status | Flags |
---|---|---|---|---|---|---|
r-devel-linux-x86_64-debian-clang | 0.1.0 | 10.72 | 346.76 | 357.48 | NOTE | |
r-devel-linux-x86_64-debian-gcc | 0.1.0 | 0.49 | 1.43 | 1.92 | ERROR | |
r-devel-linux-x86_64-fedora-clang | 0.1.0 | 577.45 | NOTE | |||
r-devel-linux-x86_64-fedora-gcc | 0.1.0 | 584.99 | NOTE | |||
r-devel-windows-x86_64 | 0.1.0 | 13.00 | 322.00 | 335.00 | NOTE | |
r-patched-linux-x86_64 | 0.1.0 | 12.97 | 342.68 | 355.65 | NOTE | |
r-release-linux-x86_64 | 0.1.0 | 0.65 | 1.78 | 2.43 | ERROR | |
r-release-macos-arm64 | 0.1.0 | 170.00 | NOTE | |||
r-release-macos-x86_64 | 0.1.0 | 297.00 | NOTE | |||
r-release-windows-x86_64 | 0.1.0 | 12.00 | 317.00 | 329.00 | NOTE | |
r-oldrel-macos-arm64 | 0.1.0 | 194.00 | OK | |||
r-oldrel-macos-x86_64 | 0.1.0 | 316.00 | NOTE | |||
r-oldrel-windows-x86_64 | 0.1.0 | 18.00 | 439.00 | 457.00 | OK |
Version: 0.1.0
Check: Rd files
Result: NOTE
checkRd: (-1) data_cls.Rd:24: Lost braces
24 | \item Graphs: Erd\"{o}s-R\'{e}nyi graphs with connection probability 0.10 for
| ^
checkRd: (-1) data_cls.Rd:24: Lost braces
24 | \item Graphs: Erd\"{o}s-R\'{e}nyi graphs with connection probability 0.10 for
| ^
checkRd: (-1) data_reg.Rd:21: Lost braces
21 | \item Graphs: Erd\"{o}s-R\'{e}nyi graphs with connection probability given by
| ^
checkRd: (-1) data_reg.Rd:21: Lost braces
21 | \item Graphs: Erd\"{o}s-R\'{e}nyi graphs with connection probability given by
| ^
Flavors: r-devel-linux-x86_64-debian-clang, r-devel-linux-x86_64-fedora-clang, r-devel-linux-x86_64-fedora-gcc, r-devel-windows-x86_64, r-patched-linux-x86_64, r-release-macos-arm64, r-release-macos-x86_64, r-release-windows-x86_64
Version: 0.1.0
Check: package dependencies
Result: ERROR
Package required but not available: ‘TDA’
See section ‘The DESCRIPTION file’ in the ‘Writing R Extensions’
manual.
Flavors: r-devel-linux-x86_64-debian-gcc, r-release-linux-x86_64
Version: 0.1.0
Check: installed package size
Result: NOTE
installed size is 5.5Mb
sub-directories of 1Mb or more:
data 4.8Mb
Flavors: r-release-macos-arm64, r-release-macos-x86_64, r-oldrel-macos-x86_64