CRAN Package Check Results for Package eulerr

Last updated on 2024-12-19 23:50:33 CET.

Flavor Version Tinstall Tcheck Ttotal Status Flags
r-devel-linux-x86_64-debian-clang 7.0.2 90.94 85.52 176.46 OK
r-devel-linux-x86_64-debian-gcc 7.0.2 56.39 62.26 118.65 OK
r-devel-linux-x86_64-fedora-clang 7.0.2 353.57 OK
r-devel-linux-x86_64-fedora-gcc 7.0.2 342.98 OK
r-devel-windows-x86_64 7.0.2 96.00 122.00 218.00 OK
r-patched-linux-x86_64 7.0.2 78.59 80.23 158.82 OK
r-release-linux-x86_64 7.0.2 83.73 81.10 164.83 OK
r-release-macos-arm64 7.0.2 81.00 NOTE
r-release-macos-x86_64 7.0.2 150.00 NOTE
r-release-windows-x86_64 7.0.2 96.00 118.00 214.00 OK
r-oldrel-macos-arm64 7.0.2 87.00 NOTE
r-oldrel-macos-x86_64 7.0.2 132.00 NOTE
r-oldrel-windows-x86_64 7.0.2 115.00 137.00 252.00 OK

Check Details

Version: 7.0.2
Check: installed package size
Result: NOTE installed size is 5.7Mb sub-directories of 1Mb or more: doc 1.3Mb libs 3.6Mb Flavors: r-release-macos-arm64, r-release-macos-x86_64, r-oldrel-macos-arm64, r-oldrel-macos-x86_64