Last updated on 2024-12-19 23:50:33 CET.
Flavor | Version | Tinstall | Tcheck | Ttotal | Status | Flags |
---|---|---|---|---|---|---|
r-devel-linux-x86_64-debian-clang | 0.8.10 | 23.16 | 206.37 | 229.53 | NOTE | |
r-devel-linux-x86_64-debian-gcc | 0.8.10 | 20.71 | 146.39 | 167.10 | NOTE | |
r-devel-linux-x86_64-fedora-clang | 0.8.10 | 387.39 | NOTE | |||
r-devel-linux-x86_64-fedora-gcc | 0.8.10 | 365.99 | NOTE | |||
r-devel-windows-x86_64 | 0.8.10 | 24.00 | 199.00 | 223.00 | NOTE | |
r-patched-linux-x86_64 | 0.8.10 | 23.65 | 196.14 | 219.79 | NOTE | |
r-release-linux-x86_64 | 0.8.10 | 22.96 | 195.63 | 218.59 | NOTE | |
r-release-macos-arm64 | 0.8.10 | 89.00 | NOTE | |||
r-release-macos-x86_64 | 0.8.10 | 128.00 | NOTE | |||
r-release-windows-x86_64 | 0.8.10 | 26.00 | 194.00 | 220.00 | NOTE | |
r-oldrel-macos-arm64 | 0.8.10 | 82.00 | NOTE | |||
r-oldrel-macos-x86_64 | 0.8.10 | 143.00 | NOTE | |||
r-oldrel-windows-x86_64 | 0.8.10 | 38.00 | 248.00 | 286.00 | NOTE |
Version: 0.8.10
Check: Rd files
Result: NOTE
checkRd: (-1) Snoring.Rd:21: Escaped LaTeX specials: \&
Flavors: r-devel-linux-x86_64-debian-clang, r-devel-linux-x86_64-debian-gcc, r-devel-linux-x86_64-fedora-clang, r-devel-linux-x86_64-fedora-gcc, r-devel-windows-x86_64, r-patched-linux-x86_64, r-release-linux-x86_64, r-release-macos-arm64, r-release-macos-x86_64, r-release-windows-x86_64, r-oldrel-macos-arm64, r-oldrel-macos-x86_64, r-oldrel-windows-x86_64