CRAN Package Check Results for Package exceedProb

Last updated on 2024-12-19 23:50:33 CET.

Flavor Version Tinstall Tcheck Ttotal Status Flags
r-devel-linux-x86_64-debian-clang 0.0.1 15.86 21.73 37.59 OK
r-devel-linux-x86_64-debian-gcc 0.0.1 12.81 19.56 32.37 OK
r-devel-linux-x86_64-fedora-clang 0.0.1 70.48 OK
r-devel-linux-x86_64-fedora-gcc 0.0.1 69.09 OK
r-devel-windows-x86_64 0.0.1 11.00 5.00 16.00 ERROR
r-patched-linux-x86_64 0.0.1 18.28 20.95 39.23 NOTE
r-release-linux-x86_64 0.0.1 17.34 23.10 40.44 NOTE
r-release-macos-arm64 0.0.1 23.00 NOTE
r-release-macos-x86_64 0.0.1 33.00 NOTE
r-release-windows-x86_64 0.0.1 18.00 74.00 92.00 NOTE
r-oldrel-macos-arm64 0.0.1 25.00 NOTE
r-oldrel-macos-x86_64 0.0.1 38.00 NOTE
r-oldrel-windows-x86_64 0.0.1 19.00 67.00 86.00 NOTE

Check Details

Version: 0.0.1
Check: whether package can be installed
Result: ERROR Installation failed. Flavor: r-devel-windows-x86_64

Version: 0.0.1
Check: LazyData
Result: NOTE 'LazyData' is specified without a 'data' directory Flavors: r-patched-linux-x86_64, r-release-linux-x86_64, r-release-macos-arm64, r-release-macos-x86_64, r-release-windows-x86_64, r-oldrel-macos-arm64, r-oldrel-macos-x86_64, r-oldrel-windows-x86_64

Version: 0.0.1
Check: C++ specification
Result: NOTE Specified C++11: please drop specification unless essential Flavors: r-release-windows-x86_64, r-oldrel-windows-x86_64