CRAN Package Check Results for Package exifr

Last updated on 2024-12-19 23:50:33 CET.

Flavor Version Tinstall Tcheck Ttotal Status Flags
r-devel-linux-x86_64-debian-clang 0.3.2 2.56 50.95 53.51 OK
r-devel-linux-x86_64-debian-gcc 0.3.2 1.86 36.91 38.77 OK
r-devel-linux-x86_64-fedora-clang 0.3.2 91.71 OK
r-devel-linux-x86_64-fedora-gcc 0.3.2 90.30 OK
r-devel-windows-x86_64 0.3.2 8.00 83.00 91.00 OK
r-patched-linux-x86_64 0.3.2 2.31 50.43 52.74 NOTE
r-release-linux-x86_64 0.3.2 2.62 50.56 53.18 NOTE
r-release-macos-arm64 0.3.2 34.00 NOTE
r-release-macos-x86_64 0.3.2 51.00 NOTE
r-release-windows-x86_64 0.3.2 9.00 93.00 102.00 NOTE
r-oldrel-macos-arm64 0.3.2 34.00 NOTE
r-oldrel-macos-x86_64 0.3.2 50.00 NOTE
r-oldrel-windows-x86_64 0.3.2 10.00 97.00 107.00 NOTE

Check Details

Version: 0.3.2
Check: LazyData
Result: NOTE 'LazyData' is specified without a 'data' directory Flavors: r-patched-linux-x86_64, r-release-linux-x86_64, r-release-macos-arm64, r-release-macos-x86_64, r-release-windows-x86_64, r-oldrel-macos-arm64, r-oldrel-macos-x86_64, r-oldrel-windows-x86_64

Version: 0.3.2
Check: installed package size
Result: NOTE installed size is 14.1Mb sub-directories of 1Mb or more: exiftool 14.0Mb Flavors: r-release-macos-arm64, r-release-macos-x86_64, r-release-windows-x86_64, r-oldrel-macos-arm64, r-oldrel-macos-x86_64, r-oldrel-windows-x86_64