Last updated on 2024-12-19 23:50:33 CET.
Flavor | Version | Tinstall | Tcheck | Ttotal | Status | Flags |
---|---|---|---|---|---|---|
r-devel-linux-x86_64-debian-clang | 0.0.4 | 4.29 | 41.49 | 45.78 | NOTE | |
r-devel-linux-x86_64-debian-gcc | 0.0.4 | 3.15 | 30.67 | 33.82 | NOTE | |
r-devel-linux-x86_64-fedora-clang | 0.0.4 | 76.19 | NOTE | |||
r-devel-linux-x86_64-fedora-gcc | 0.0.4 | 70.36 | NOTE | |||
r-devel-windows-x86_64 | 0.0.4 | 6.00 | 68.00 | 74.00 | NOTE | |
r-patched-linux-x86_64 | 0.0.4 | 4.83 | 39.64 | 44.47 | NOTE | |
r-release-linux-x86_64 | 0.0.4 | 4.18 | 39.15 | 43.33 | NOTE | |
r-release-macos-arm64 | 0.0.4 | 27.00 | NOTE | |||
r-release-macos-x86_64 | 0.0.4 | 45.00 | NOTE | |||
r-release-windows-x86_64 | 0.0.4 | 6.00 | 66.00 | 72.00 | NOTE | |
r-oldrel-macos-arm64 | 0.0.4 | 29.00 | NOTE | |||
r-oldrel-macos-x86_64 | 0.0.4 | 38.00 | NOTE | |||
r-oldrel-windows-x86_64 | 0.0.4 | 7.00 | 72.00 | 79.00 | NOTE |
Version: 0.0.4
Check: Rd files
Result: NOTE
checkRd: (-1) codePasses.Rd:64: Escaped LaTeX specials: \#
Flavors: r-devel-linux-x86_64-debian-clang, r-devel-linux-x86_64-debian-gcc, r-devel-linux-x86_64-fedora-clang, r-devel-linux-x86_64-fedora-gcc, r-devel-windows-x86_64, r-patched-linux-x86_64, r-release-linux-x86_64, r-release-macos-arm64, r-release-macos-x86_64, r-release-windows-x86_64, r-oldrel-macos-arm64, r-oldrel-macos-x86_64, r-oldrel-windows-x86_64