Last updated on 2024-12-19 23:50:33 CET.
Flavor | Version | Tinstall | Tcheck | Ttotal | Status | Flags |
---|---|---|---|---|---|---|
r-devel-linux-x86_64-debian-clang | 1.3.0 | 12.89 | 42.43 | 55.32 | OK | |
r-devel-linux-x86_64-debian-gcc | 1.3.0 | 10.03 | 30.86 | 40.89 | OK | |
r-devel-linux-x86_64-fedora-clang | 1.3.0 | 97.77 | OK | |||
r-devel-linux-x86_64-fedora-gcc | 1.3.0 | 102.33 | OK | |||
r-devel-windows-x86_64 | 1.3.0 | 14.00 | 85.00 | 99.00 | OK | |
r-patched-linux-x86_64 | 1.3.0 | 13.25 | 40.06 | 53.31 | OK | |
r-release-linux-x86_64 | 1.3.0 | 13.14 | 40.63 | 53.77 | OK | |
r-release-macos-arm64 | 1.3.0 | 11.00 | ERROR | |||
r-release-macos-x86_64 | 1.3.0 | 13.00 | ERROR | |||
r-release-windows-x86_64 | 1.3.0 | 14.00 | 79.00 | 93.00 | OK | |
r-oldrel-macos-arm64 | 1.3.0 | 42.00 | OK | |||
r-oldrel-macos-x86_64 | 1.3.0 | 115.00 | OK | |||
r-oldrel-windows-x86_64 | 1.3.0 | 17.00 | 96.00 | 113.00 | OK |
Version: 1.3.0
Check: whether package can be installed
Result: ERROR
Installation failed.
Flavors: r-release-macos-arm64, r-release-macos-x86_64