CRAN Package Check Results for Package fastRG

Last updated on 2024-12-19 23:50:33 CET.

Flavor Version Tinstall Tcheck Ttotal Status Flags
r-devel-linux-x86_64-debian-clang 0.3.2 10.16 119.72 129.88 NOTE
r-devel-linux-x86_64-debian-gcc 0.3.2 7.86 85.96 93.82 NOTE
r-devel-linux-x86_64-fedora-clang 0.3.2 212.72 OK
r-devel-linux-x86_64-fedora-gcc 0.3.2 199.74 OK
r-devel-windows-x86_64 0.3.2 12.00 131.00 143.00 NOTE
r-patched-linux-x86_64 0.3.2 10.28 109.73 120.01 OK
r-release-linux-x86_64 0.3.2 9.02 111.79 120.81 OK
r-release-macos-arm64 0.3.2 55.00 OK
r-release-macos-x86_64 0.3.2 103.00 OK
r-release-windows-x86_64 0.3.2 11.00 129.00 140.00 OK
r-oldrel-macos-arm64 0.3.2 59.00 OK
r-oldrel-macos-x86_64 0.3.2 110.00 OK
r-oldrel-windows-x86_64 0.3.2 16.00 156.00 172.00 OK

Check Details

Version: 0.3.2
Check: Rd cross-references
Result: NOTE Found the following Rd file(s) with Rd \link{} targets missing package anchors: directed_erdos_renyi.Rd: Matrix directed_factor_model.Rd: Matrix erdos_renyi.Rd: Matrix undirected_factor_model.Rd: Matrix Please provide package anchors for all Rd \link{} targets not in the package itself and the base packages. Flavors: r-devel-linux-x86_64-debian-clang, r-devel-linux-x86_64-debian-gcc, r-devel-windows-x86_64