Last updated on 2024-12-19 23:50:33 CET.
Flavor | Version | Tinstall | Tcheck | Ttotal | Status | Flags |
---|---|---|---|---|---|---|
r-devel-linux-x86_64-debian-clang | 2.2.2 | 22.08 | 244.68 | 266.76 | OK | |
r-devel-linux-x86_64-debian-gcc | 2.2.2 | 14.33 | 175.74 | 190.07 | OK | |
r-devel-linux-x86_64-fedora-clang | 2.2.2 | 439.84 | OK | |||
r-devel-linux-x86_64-fedora-gcc | 2.2.2 | 438.90 | OK | |||
r-devel-windows-x86_64 | 2.2.2 | 72.00 | 1073.00 | 1145.00 | OK | |
r-patched-linux-x86_64 | 2.2.2 | 32.47 | 230.31 | 262.78 | OK | |
r-release-linux-x86_64 | 2.2.2 | 20.93 | 227.70 | 248.63 | OK | |
r-release-macos-arm64 | 2.2.2 | 94.00 | NOTE | |||
r-release-macos-x86_64 | 2.2.2 | 183.00 | NOTE | |||
r-release-windows-x86_64 | 2.2.2 | 71.00 | 936.00 | 1007.00 | NOTE | |
r-oldrel-macos-arm64 | 2.2.2 | 112.00 | NOTE | |||
r-oldrel-macos-x86_64 | 2.2.2 | 194.00 | NOTE | |||
r-oldrel-windows-x86_64 | 2.2.2 | 66.00 | 805.00 | 871.00 | NOTE |
Version: 2.2.2
Check: installed package size
Result: NOTE
installed size is 5.2Mb
sub-directories of 1Mb or more:
doc 2.9Mb
help 1.3Mb
Flavors: r-release-macos-arm64, r-release-macos-x86_64, r-release-windows-x86_64, r-oldrel-macos-arm64, r-oldrel-macos-x86_64, r-oldrel-windows-x86_64