Last updated on 2024-12-19 23:50:33 CET.
Flavor | Version | Tinstall | Tcheck | Ttotal | Status | Flags |
---|---|---|---|---|---|---|
r-devel-linux-x86_64-debian-clang | 1.0 | 100.08 | 29.55 | 129.63 | OK | |
r-devel-linux-x86_64-debian-gcc | 1.0 | 72.15 | 22.70 | 94.85 | OK | |
r-devel-linux-x86_64-fedora-clang | 1.0 | 274.99 | OK | |||
r-devel-linux-x86_64-fedora-gcc | 1.0 | 282.76 | OK | |||
r-devel-windows-x86_64 | 1.0 | 107.00 | 77.00 | 184.00 | OK | |
r-patched-linux-x86_64 | 1.0 | 101.06 | 28.54 | 129.60 | OK | |
r-release-linux-x86_64 | 1.0 | 102.19 | 28.84 | 131.03 | OK | |
r-release-macos-arm64 | 1.0 | 56.00 | NOTE | |||
r-release-macos-x86_64 | 1.0 | 59.00 | NOTE | |||
r-release-windows-x86_64 | 1.0 | 106.00 | 75.00 | 181.00 | OK | |
r-oldrel-macos-arm64 | 1.0 | 70.00 | NOTE | |||
r-oldrel-macos-x86_64 | 1.0 | 80.00 | NOTE | |||
r-oldrel-windows-x86_64 | 1.0 | 130.00 | 86.00 | 216.00 | OK |
Version: 1.0
Check: installed package size
Result: NOTE
installed size is 5.7Mb
sub-directories of 1Mb or more:
libs 5.6Mb
Flavors: r-release-macos-arm64, r-release-macos-x86_64, r-oldrel-macos-arm64, r-oldrel-macos-x86_64