CRAN Package Check Results for Package fastverse

Last updated on 2024-12-19 23:50:33 CET.

Flavor Version Tinstall Tcheck Ttotal Status Flags
r-devel-linux-x86_64-debian-clang 0.3.4 2.90 28.65 31.55 OK
r-devel-linux-x86_64-debian-gcc 0.3.4 2.26 22.93 25.19 OK
r-devel-linux-x86_64-fedora-clang 0.3.4 52.52 NOTE
r-devel-linux-x86_64-fedora-gcc 0.3.4 62.49 NOTE
r-devel-windows-x86_64 0.3.4 4.00 54.00 58.00 OK
r-patched-linux-x86_64 0.3.4 3.12 27.79 30.91 OK
r-release-linux-x86_64 0.3.4 2.79 27.53 30.32 OK
r-release-macos-arm64 0.3.4 48.00 OK
r-release-macos-x86_64 0.3.4 69.00 OK
r-release-windows-x86_64 0.3.4 4.00 50.00 54.00 OK
r-oldrel-macos-arm64 0.3.4 45.00 OK
r-oldrel-macos-x86_64 0.3.4 67.00 OK
r-oldrel-windows-x86_64 0.3.4 4.00 56.00 60.00 OK

Check Details

Version: 0.3.4
Check: dependencies in R code
Result: NOTE Namespaces in Imports field not imported from: ‘collapse’ ‘data.table’ ‘kit’ ‘magrittr’ All declared Imports should be used. Flavors: r-devel-linux-x86_64-fedora-clang, r-devel-linux-x86_64-fedora-gcc