CRAN Package Check Results for Package fbroc

Last updated on 2024-12-19 23:50:33 CET.

Flavor Version Tinstall Tcheck Ttotal Status Flags
r-devel-linux-x86_64-debian-clang 0.4.1 42.33 53.89 96.22 NOTE
r-devel-linux-x86_64-debian-gcc 0.4.1 32.94 38.61 71.55 NOTE
r-devel-linux-x86_64-fedora-clang 0.4.1 184.74 NOTE
r-devel-linux-x86_64-fedora-gcc 0.4.1 182.49 NOTE
r-devel-windows-x86_64 0.4.1 51.00 98.00 149.00 NOTE
r-patched-linux-x86_64 0.4.1 46.48 50.20 96.68 NOTE
r-release-linux-x86_64 0.4.1 45.66 50.08 95.74 NOTE
r-release-macos-arm64 0.4.1 46.00 NOTE
r-release-macos-x86_64 0.4.1 64.00 NOTE
r-release-windows-x86_64 0.4.1 54.00 101.00 155.00 NOTE
r-oldrel-macos-arm64 0.4.1 52.00 OK
r-oldrel-macos-x86_64 0.4.1 87.00 OK
r-oldrel-windows-x86_64 0.4.1 59.00 117.00 176.00 OK

Check Details

Version: 0.4.1
Check: Rd files
Result: NOTE checkRd: (-1) plot.fbroc.conf.Rd:5: Lost braces 5 | \title{Plots function for object of class{fbroc.conf}} | ^ Flavors: r-devel-linux-x86_64-debian-clang, r-devel-linux-x86_64-debian-gcc, r-devel-linux-x86_64-fedora-clang, r-devel-linux-x86_64-fedora-gcc, r-devel-windows-x86_64, r-patched-linux-x86_64, r-release-linux-x86_64, r-release-macos-arm64, r-release-macos-x86_64, r-release-windows-x86_64