Last updated on 2024-12-19 23:50:33 CET.
Flavor | Version | Tinstall | Tcheck | Ttotal | Status | Flags |
---|---|---|---|---|---|---|
r-devel-linux-x86_64-debian-clang | 0.1.1 | 59.03 | 83.45 | 142.48 | OK | |
r-devel-linux-x86_64-debian-gcc | 0.1.1 | 48.06 | 64.08 | 112.14 | OK | |
r-devel-linux-x86_64-fedora-clang | 0.1.1 | 235.63 | OK | |||
r-devel-linux-x86_64-fedora-gcc | 0.1.1 | 253.67 | OK | |||
r-devel-windows-x86_64 | 0.1.1 | 58.00 | 113.00 | 171.00 | OK | |
r-patched-linux-x86_64 | 0.1.1 | 65.52 | 84.55 | 150.07 | OK | |
r-release-linux-x86_64 | 0.1.1 | 59.47 | 84.89 | 144.36 | OK | |
r-release-macos-arm64 | 0.1.1 | 63.00 | NOTE | |||
r-release-macos-x86_64 | 0.1.1 | 88.00 | NOTE | |||
r-release-windows-x86_64 | 0.1.1 | 56.00 | 111.00 | 167.00 | OK | |
r-oldrel-macos-arm64 | 0.1.1 | 71.00 | NOTE | |||
r-oldrel-macos-x86_64 | 0.1.1 | 140.00 | NOTE | |||
r-oldrel-windows-x86_64 | 0.1.1 | 74.00 | 138.00 | 212.00 | OK |
Version: 0.1.1
Check: installed package size
Result: NOTE
installed size is 17.0Mb
sub-directories of 1Mb or more:
libs 16.9Mb
Flavors: r-release-macos-arm64, r-release-macos-x86_64, r-oldrel-macos-arm64, r-oldrel-macos-x86_64