CRAN Package Check Results for Package fdrDiscreteNull

Last updated on 2024-12-19 23:50:33 CET.

Flavor Version Tinstall Tcheck Ttotal Status Flags
r-devel-linux-x86_64-debian-clang 1.4 11.28 84.64 95.92 OK
r-devel-linux-x86_64-debian-gcc 1.4 7.00 61.64 68.64 OK
r-devel-linux-x86_64-fedora-clang 1.4 156.68 OK
r-devel-linux-x86_64-fedora-gcc 1.4 144.98 OK
r-devel-windows-x86_64 1.4 12.00 92.00 104.00 OK
r-patched-linux-x86_64 1.4 10.60 79.43 90.03 OK
r-release-linux-x86_64 1.4 7.60 80.06 87.66 OK
r-release-macos-arm64 1.4 38.00 OK
r-release-macos-x86_64 1.4 67.00 OK
r-release-windows-x86_64 1.4 12.00 6.00 18.00 ERROR
r-oldrel-macos-arm64 1.4 46.00 OK
r-oldrel-macos-x86_64 1.4 78.00 OK
r-oldrel-windows-x86_64 1.4 14.00 9.00 23.00 ERROR

Check Details

Version: 1.4
Check: whether package can be installed
Result: ERROR Installation failed. Flavors: r-release-windows-x86_64, r-oldrel-windows-x86_64