CRAN Package Check Results for Package fido

Last updated on 2024-12-19 23:50:33 CET.

Flavor Version Tinstall Tcheck Ttotal Status Flags
r-devel-linux-x86_64-debian-clang 1.1.1 335.24 154.10 489.34 OK
r-devel-linux-x86_64-debian-gcc 1.1.1 309.71 148.06 457.77 OK
r-devel-linux-x86_64-fedora-clang 1.1.1 887.25 OK
r-devel-linux-x86_64-fedora-gcc 1.1.1 1192.39 OK
r-devel-windows-x86_64 1.1.1 352.00 246.00 598.00 OK
r-patched-linux-x86_64 1.1.1 396.84 208.56 605.40 OK
r-release-linux-x86_64 1.1.1 415.03 209.53 624.56 OK
r-release-macos-arm64 1.1.1 238.00 NOTE
r-release-macos-x86_64 1.1.1 354.00 NOTE
r-release-windows-x86_64 1.1.1 371.00 235.00 606.00 NOTE
r-oldrel-macos-arm64 1.1.1 252.00 NOTE
r-oldrel-macos-x86_64 1.1.1 295.00 NOTE
r-oldrel-windows-x86_64 1.1.1 464.00 281.00 745.00 NOTE

Check Details

Version: 1.1.1
Check: installed package size
Result: NOTE installed size is 61.9Mb sub-directories of 1Mb or more: data 2.7Mb libs 57.5Mb Flavors: r-release-macos-arm64, r-release-macos-x86_64, r-release-windows-x86_64, r-oldrel-macos-arm64, r-oldrel-macos-x86_64, r-oldrel-windows-x86_64