CRAN Package Check Results for Package finetune

Last updated on 2024-12-19 23:50:33 CET.

Flavor Version Tinstall Tcheck Ttotal Status Flags
r-devel-linux-x86_64-debian-clang 1.2.0 14.92 153.84 168.76 NOTE
r-devel-linux-x86_64-debian-gcc 1.2.0 11.17 108.65 119.82 NOTE
r-devel-linux-x86_64-fedora-clang 1.2.0 273.96 OK
r-devel-linux-x86_64-fedora-gcc 1.2.0 251.65 OK
r-devel-windows-x86_64 1.2.0 16.00 157.00 173.00 NOTE
r-patched-linux-x86_64 1.2.0 21.55 145.74 167.29 OK
r-release-linux-x86_64 1.2.0 12.90 144.69 157.59 OK
r-release-macos-arm64 1.2.0 72.00 OK
r-release-macos-x86_64 1.2.0 100.00 OK
r-release-windows-x86_64 1.2.0 15.00 154.00 169.00 OK
r-oldrel-macos-arm64 1.2.0 77.00 OK
r-oldrel-macos-x86_64 1.2.0 202.00 OK
r-oldrel-windows-x86_64 1.2.0 20.00 187.00 207.00 OK

Check Details

Version: 1.2.0
Check: Rd cross-references
Result: NOTE Found the following Rd file(s) with Rd \link{} targets missing package anchors: collect_predictions.Rd: collect_metrics, tune show_best.Rd: show_best tune_sim_anneal.Rd: tune_grid, tune_bayes Please provide package anchors for all Rd \link{} targets not in the package itself and the base packages. Flavors: r-devel-linux-x86_64-debian-clang, r-devel-linux-x86_64-debian-gcc, r-devel-windows-x86_64