Last updated on 2024-12-19 23:50:33 CET.
Flavor | Version | Tinstall | Tcheck | Ttotal | Status | Flags |
---|---|---|---|---|---|---|
r-devel-linux-x86_64-debian-clang | 1.12-1 | 108.09 | 176.65 | 284.74 | OK | |
r-devel-linux-x86_64-debian-gcc | 1.12-1 | 84.04 | 111.79 | 195.83 | OK | |
r-devel-linux-x86_64-fedora-clang | 1.12-1 | 455.16 | OK | |||
r-devel-linux-x86_64-fedora-gcc | 1.12-1 | 501.46 | OK | |||
r-devel-windows-x86_64 | 1.12-1 | 106.00 | 200.00 | 306.00 | OK | |
r-patched-linux-x86_64 | 1.12-1 | 120.12 | 164.52 | 284.64 | OK | |
r-release-linux-x86_64 | 1.12-1 | 120.02 | 164.17 | 284.19 | OK | |
r-release-macos-arm64 | 1.12-1 | 103.00 | NOTE | |||
r-release-macos-x86_64 | 1.12-1 | 191.00 | NOTE | |||
r-release-windows-x86_64 | 1.12-1 | 102.00 | 190.00 | 292.00 | NOTE | |
r-oldrel-macos-arm64 | 1.12-1 | 102.00 | NOTE | |||
r-oldrel-macos-x86_64 | 1.12-1 | 257.00 | NOTE | |||
r-oldrel-windows-x86_64 | 1.12-1 | 134.00 | 248.00 | 382.00 | NOTE |
Version: 1.12-1
Check: installed package size
Result: NOTE
installed size is 47.4Mb
sub-directories of 1Mb or more:
libs 46.1Mb
Flavors: r-release-macos-arm64, r-release-macos-x86_64, r-release-windows-x86_64, r-oldrel-macos-arm64, r-oldrel-macos-x86_64, r-oldrel-windows-x86_64