Last updated on 2024-12-19 23:50:33 CET.
Flavor | Version | Tinstall | Tcheck | Ttotal | Status | Flags |
---|---|---|---|---|---|---|
r-devel-linux-x86_64-debian-clang | 0.3.4 | 37.85 | 55.93 | 93.78 | OK | |
r-devel-linux-x86_64-debian-gcc | 0.3.4 | 32.57 | 44.42 | 76.99 | OK | |
r-devel-linux-x86_64-fedora-clang | 0.3.4 | 149.98 | OK | |||
r-devel-linux-x86_64-fedora-gcc | 0.3.4 | 144.60 | OK | |||
r-devel-windows-x86_64 | 0.3.4 | 41.00 | 74.00 | 115.00 | OK | |
r-patched-linux-x86_64 | 0.3.4 | 37.98 | 54.36 | 92.34 | OK | |
r-release-linux-x86_64 | 0.3.4 | 37.15 | 54.21 | 91.36 | OK | |
r-release-macos-arm64 | 0.3.4 | 56.00 | NOTE | |||
r-release-macos-x86_64 | 0.3.4 | 77.00 | NOTE | |||
r-release-windows-x86_64 | 0.3.4 | 42.00 | 88.00 | 130.00 | NOTE | |
r-oldrel-macos-arm64 | 0.3.4 | 66.00 | NOTE | |||
r-oldrel-macos-x86_64 | 0.3.4 | 85.00 | NOTE | |||
r-oldrel-windows-x86_64 | 0.3.4 | 47.00 | 83.00 | 130.00 | NOTE |
Version: 0.3.4
Check: installed package size
Result: NOTE
installed size is 8.0Mb
sub-directories of 1Mb or more:
R 7.9Mb
Flavors: r-release-macos-arm64, r-release-macos-x86_64, r-release-windows-x86_64, r-oldrel-macos-arm64, r-oldrel-macos-x86_64, r-oldrel-windows-x86_64