CRAN Package Check Results for Package fmpcloudr

Last updated on 2024-12-19 23:50:33 CET.

Flavor Version Tinstall Tcheck Ttotal Status Flags
r-devel-linux-x86_64-debian-clang 0.1.5 2.73 25.21 27.94 OK
r-devel-linux-x86_64-debian-gcc 0.1.5 2.12 19.87 21.99 OK
r-devel-linux-x86_64-fedora-clang 0.1.5 44.92 OK
r-devel-linux-x86_64-fedora-gcc 0.1.5 42.46 OK
r-devel-windows-x86_64 0.1.5 5.00 57.00 62.00 OK
r-patched-linux-x86_64 0.1.5 2.87 23.93 26.80 NOTE
r-release-linux-x86_64 0.1.5 2.55 24.10 26.65 NOTE
r-release-macos-arm64 0.1.5 20.00 NOTE
r-release-macos-x86_64 0.1.5 38.00 NOTE
r-release-windows-x86_64 0.1.5 6.00 54.00 60.00 NOTE
r-oldrel-macos-arm64 0.1.5 18.00 NOTE
r-oldrel-macos-x86_64 0.1.5 25.00 NOTE
r-oldrel-windows-x86_64 0.1.5 6.00 58.00 64.00 NOTE

Check Details

Version: 0.1.5
Check: LazyData
Result: NOTE 'LazyData' is specified without a 'data' directory Flavors: r-patched-linux-x86_64, r-release-linux-x86_64, r-release-macos-arm64, r-release-macos-x86_64, r-release-windows-x86_64, r-oldrel-macos-arm64, r-oldrel-macos-x86_64, r-oldrel-windows-x86_64