Last updated on 2024-12-19 23:50:33 CET.
Flavor | Version | Tinstall | Tcheck | Ttotal | Status | Flags |
---|---|---|---|---|---|---|
r-devel-linux-x86_64-debian-clang | 0.2.0 | 34.12 | 168.95 | 203.07 | OK | |
r-devel-linux-x86_64-debian-gcc | 0.2.0 | 27.43 | 124.19 | 151.62 | OK | |
r-devel-linux-x86_64-fedora-clang | 0.2.0 | 333.25 | NOTE | |||
r-devel-linux-x86_64-fedora-gcc | 0.2.0 | 320.27 | NOTE | |||
r-devel-windows-x86_64 | 0.2.0 | 27.00 | 158.00 | 185.00 | OK | |
r-patched-linux-x86_64 | 0.2.0 | 34.13 | 167.74 | 201.87 | OK | |
r-release-linux-x86_64 | 0.2.0 | 34.34 | 162.90 | 197.24 | OK | |
r-release-macos-arm64 | 0.2.0 | 82.00 | OK | |||
r-release-macos-x86_64 | 0.2.0 | 120.00 | OK | |||
r-release-windows-x86_64 | 0.2.0 | 29.00 | 157.00 | 186.00 | OK | |
r-oldrel-macos-arm64 | 0.2.0 | 79.00 | OK | |||
r-oldrel-macos-x86_64 | 0.2.0 | 195.00 | OK | |||
r-oldrel-windows-x86_64 | 0.2.0 | 38.00 | 192.00 | 230.00 | OK |
Version: 0.2.0
Check: dependencies in R code
Result: NOTE
Namespace in Imports field not imported from: ‘tidyverse’
All declared Imports should be used.
Flavors: r-devel-linux-x86_64-fedora-clang, r-devel-linux-x86_64-fedora-gcc