Last updated on 2024-12-19 23:50:33 CET.
Flavor | Version | Tinstall | Tcheck | Ttotal | Status | Flags |
---|---|---|---|---|---|---|
r-devel-linux-x86_64-debian-clang | 0.0-5 | 11.05 | 115.48 | 126.53 | OK | |
r-devel-linux-x86_64-debian-gcc | 0.0-5 | 8.33 | 79.46 | 87.79 | OK | |
r-devel-linux-x86_64-fedora-clang | 0.0-5 | 200.05 | NOTE | |||
r-devel-linux-x86_64-fedora-gcc | 0.0-5 | 200.00 | NOTE | |||
r-devel-windows-x86_64 | 0.0-5 | 12.00 | 120.00 | 132.00 | OK | |
r-patched-linux-x86_64 | 0.0-5 | 11.42 | 109.77 | 121.19 | OK | |
r-release-linux-x86_64 | 0.0-5 | 8.89 | 109.11 | 118.00 | OK | |
r-release-macos-arm64 | 0.0-5 | 52.00 | OK | |||
r-release-macos-x86_64 | 0.0-5 | 89.00 | OK | |||
r-release-windows-x86_64 | 0.0-5 | 12.00 | 114.00 | 126.00 | OK | |
r-oldrel-macos-arm64 | 0.0-5 | 61.00 | OK | |||
r-oldrel-macos-x86_64 | 0.0-5 | 106.00 | OK | |||
r-oldrel-windows-x86_64 | 0.0-5 | 15.00 | 149.00 | 164.00 | OK |
Version: 0.0-5
Check: dependencies in R code
Result: NOTE
Namespace in Imports field not imported from: ‘pkgKitten’
All declared Imports should be used.
Flavors: r-devel-linux-x86_64-fedora-clang, r-devel-linux-x86_64-fedora-gcc