Last updated on 2024-12-19 23:50:33 CET.
Flavor | Version | Tinstall | Tcheck | Ttotal | Status | Flags |
---|---|---|---|---|---|---|
r-devel-linux-x86_64-debian-clang | 0.2.1 | 11.83 | 28.81 | 40.64 | NOTE | |
r-devel-linux-x86_64-debian-gcc | 0.2.1 | 8.70 | 22.36 | 31.06 | NOTE | |
r-devel-linux-x86_64-fedora-clang | 0.2.1 | 73.84 | NOTE | |||
r-devel-linux-x86_64-fedora-gcc | 0.2.1 | 68.58 | NOTE | |||
r-devel-windows-x86_64 | 0.2.1 | 14.00 | 68.00 | 82.00 | NOTE | |
r-patched-linux-x86_64 | 0.2.1 | 11.34 | 28.40 | 39.74 | NOTE | |
r-release-linux-x86_64 | 0.2.1 | 11.88 | 27.37 | 39.25 | NOTE | |
r-release-macos-arm64 | 0.2.1 | 25.00 | NOTE | |||
r-release-macos-x86_64 | 0.2.1 | 33.00 | NOTE | |||
r-release-windows-x86_64 | 0.2.1 | 16.00 | 78.00 | 94.00 | NOTE | |
r-oldrel-macos-arm64 | 0.2.1 | 27.00 | NOTE | |||
r-oldrel-macos-x86_64 | 0.2.1 | 41.00 | NOTE | |||
r-oldrel-windows-x86_64 | 0.2.1 | 15.00 | 74.00 | 89.00 | NOTE |
Version: 0.2.1
Check: C++ specification
Result: NOTE
Specified C++11: please drop specification unless essential
Flavors: r-devel-linux-x86_64-debian-clang, r-devel-linux-x86_64-debian-gcc, r-devel-linux-x86_64-fedora-clang, r-devel-linux-x86_64-fedora-gcc, r-devel-windows-x86_64, r-patched-linux-x86_64, r-release-linux-x86_64, r-release-macos-arm64, r-release-macos-x86_64, r-release-windows-x86_64, r-oldrel-macos-arm64, r-oldrel-macos-x86_64, r-oldrel-windows-x86_64