Last updated on 2024-12-19 23:50:33 CET.
Flavor | Version | Tinstall | Tcheck | Ttotal | Status | Flags |
---|---|---|---|---|---|---|
r-devel-linux-x86_64-debian-clang | 0.2.4 | 395.66 | 48.35 | 444.01 | OK | |
r-devel-linux-x86_64-debian-gcc | 0.2.4 | 220.88 | 42.69 | 263.57 | OK | |
r-devel-linux-x86_64-fedora-clang | 0.2.4 | 537.07 | OK | |||
r-devel-linux-x86_64-fedora-gcc | 0.2.4 | 744.94 | OK | |||
r-devel-windows-x86_64 | 0.2.4 | 213.00 | 134.00 | 347.00 | OK | |
r-patched-linux-x86_64 | 0.2.4 | 318.79 | 56.26 | 375.05 | OK | |
r-release-linux-x86_64 | 0.2.4 | 307.49 | 55.85 | 363.34 | OK | |
r-release-macos-arm64 | 0.2.4 | 171.00 | NOTE | |||
r-release-macos-x86_64 | 0.2.4 | 180.00 | NOTE | |||
r-release-windows-x86_64 | 0.2.4 | 224.00 | 134.00 | 358.00 | NOTE | |
r-oldrel-macos-arm64 | 0.2.4 | 168.00 | NOTE | |||
r-oldrel-macos-x86_64 | 0.2.4 | 173.00 | NOTE | |||
r-oldrel-windows-x86_64 | 0.2.4 | 217.00 | 143.00 | 360.00 | NOTE |
Version: 0.2.4
Check: installed package size
Result: NOTE
installed size is 55.2Mb
sub-directories of 1Mb or more:
libs 54.4Mb
Flavors: r-release-macos-arm64, r-release-macos-x86_64, r-release-windows-x86_64, r-oldrel-macos-arm64, r-oldrel-macos-x86_64, r-oldrel-windows-x86_64