CRAN Package Check Results for Package funkyheatmap

Last updated on 2024-12-19 23:50:33 CET.

Flavor Version Tinstall Tcheck Ttotal Status Flags
r-devel-linux-x86_64-debian-clang 0.5.0 8.17 105.77 113.94 NOTE
r-devel-linux-x86_64-debian-gcc 0.5.0 5.94 76.86 82.80 NOTE
r-devel-linux-x86_64-fedora-clang 0.5.0 190.49 OK
r-devel-linux-x86_64-fedora-gcc 0.5.0 182.62 OK
r-devel-windows-x86_64 0.5.0 10.00 120.00 130.00 NOTE
r-patched-linux-x86_64 0.5.0 12.84 101.64 114.48 OK
r-release-linux-x86_64 0.5.0 8.26 100.42 108.68 OK
r-release-macos-arm64 0.5.0 63.00 OK
r-release-macos-x86_64 0.5.0 150.00 OK
r-release-windows-x86_64 0.5.0 11.00 122.00 133.00 OK
r-oldrel-macos-arm64 0.5.0 58.00 OK
r-oldrel-macos-x86_64 0.5.0 146.00 OK
r-oldrel-windows-x86_64 0.5.0 12.00 140.00 152.00 OK

Check Details

Version: 0.5.0
Check: Rd cross-references
Result: NOTE Found the following Rd file(s) with Rd \link{} targets missing package anchors: funky_heatmap.Rd: ggsave Please provide package anchors for all Rd \link{} targets not in the package itself and the base packages. Flavors: r-devel-linux-x86_64-debian-clang, r-devel-linux-x86_64-debian-gcc, r-devel-windows-x86_64