CRAN Package Check Results for Package fuser

Last updated on 2024-12-19 23:50:33 CET.

Flavor Version Tinstall Tcheck Ttotal Status Flags
r-devel-linux-x86_64-debian-clang 1.0.1 27.45 88.98 116.43 OK
r-devel-linux-x86_64-debian-gcc 1.0.1 19.88 74.29 94.17 OK
r-devel-linux-x86_64-fedora-clang 1.0.1 191.05 OK
r-devel-linux-x86_64-fedora-gcc 1.0.1 212.24 OK
r-devel-windows-x86_64 1.0.1 31.00 128.00 159.00 OK
r-patched-linux-x86_64 1.0.1 27.58 89.31 116.89 NOTE
r-release-linux-x86_64 1.0.1 27.71 89.71 117.42 NOTE
r-release-macos-arm64 1.0.1 74.00 NOTE
r-release-macos-x86_64 1.0.1 98.00 NOTE
r-release-windows-x86_64 1.0.1 30.00 124.00 154.00 NOTE
r-oldrel-macos-arm64 1.0.1 81.00 NOTE
r-oldrel-macos-x86_64 1.0.1 113.00 NOTE
r-oldrel-windows-x86_64 1.0.1 35.00 148.00 183.00 NOTE

Check Details

Version: 1.0.1
Check: LazyData
Result: NOTE 'LazyData' is specified without a 'data' directory Flavors: r-patched-linux-x86_64, r-release-linux-x86_64, r-release-macos-arm64, r-release-macos-x86_64, r-release-windows-x86_64, r-oldrel-macos-arm64, r-oldrel-macos-x86_64, r-oldrel-windows-x86_64

Version: 1.0.1
Check: installed package size
Result: NOTE installed size is 7.3Mb sub-directories of 1Mb or more: libs 7.1Mb Flavors: r-release-macos-arm64, r-release-macos-x86_64, r-oldrel-macos-arm64