Last updated on 2024-12-19 23:50:33 CET.
Flavor | Version | Tinstall | Tcheck | Ttotal | Status | Flags |
---|---|---|---|---|---|---|
r-devel-linux-x86_64-debian-clang | 1.0.8 | 5.36 | 118.37 | 123.73 | OK | |
r-devel-linux-x86_64-debian-gcc | 1.0.8 | 4.19 | 88.35 | 92.54 | OK | |
r-devel-linux-x86_64-fedora-clang | 1.0.8 | 191.90 | OK | |||
r-devel-linux-x86_64-fedora-gcc | 1.0.8 | 181.96 | OK | |||
r-devel-windows-x86_64 | 1.0.8 | 19.00 | 125.00 | 144.00 | OK | |
r-patched-linux-x86_64 | 1.0.8 | 5.10 | 113.79 | 118.89 | OK | |
r-release-linux-x86_64 | 1.0.8 | 5.23 | 110.88 | 116.11 | OK | |
r-release-macos-arm64 | 1.0.8 | 59.00 | OK | |||
r-release-macos-x86_64 | 1.0.8 | 98.00 | OK | |||
r-release-windows-x86_64 | 1.0.8 | 20.00 | 142.00 | 162.00 | OK | |
r-oldrel-macos-arm64 | 1.0.8 | 27.00 | NOTE | |||
r-oldrel-macos-x86_64 | 1.0.8 | 40.00 | NOTE | |||
r-oldrel-windows-x86_64 | 1.0.8 | 22.00 | 160.00 | 182.00 | OK |
Version: 1.0.8
Check: package dependencies
Result: NOTE
Package suggested but not available for checking: ‘WGCNA’
Flavors: r-oldrel-macos-arm64, r-oldrel-macos-x86_64