Last updated on 2024-12-19 23:50:33 CET.
Flavor | Version | Tinstall | Tcheck | Ttotal | Status | Flags |
---|---|---|---|---|---|---|
r-devel-linux-x86_64-debian-clang | 1.7.1 | 5.56 | 64.99 | 70.55 | OK | |
r-devel-linux-x86_64-debian-gcc | 1.7.1 | 3.73 | 49.34 | 53.07 | OK | |
r-devel-linux-x86_64-fedora-clang | 1.7.1 | 114.58 | OK | |||
r-devel-linux-x86_64-fedora-gcc | 1.7.1 | 124.81 | OK | |||
r-devel-windows-x86_64 | 1.7.1 | 8.00 | 88.00 | 96.00 | OK | |
r-patched-linux-x86_64 | 1.7.1 | 6.03 | 63.58 | 69.61 | OK | |
r-release-linux-x86_64 | 1.7.1 | 5.39 | 63.86 | 69.25 | OK | |
r-release-macos-arm64 | 1.7.1 | 60.00 | NOTE | |||
r-release-macos-x86_64 | 1.7.1 | 124.00 | NOTE | |||
r-release-windows-x86_64 | 1.7.1 | 6.00 | 95.00 | 101.00 | NOTE | |
r-oldrel-macos-arm64 | 1.7.1 | 43.00 | NOTE | |||
r-oldrel-macos-x86_64 | 1.7.1 | 104.00 | NOTE | |||
r-oldrel-windows-x86_64 | 1.7.1 | 6.00 | 93.00 | 99.00 | NOTE |
Version: 1.7.1
Check: installed package size
Result: NOTE
installed size is 5.4Mb
sub-directories of 1Mb or more:
help 4.6Mb
Flavors: r-release-macos-arm64, r-release-macos-x86_64, r-release-windows-x86_64, r-oldrel-macos-arm64, r-oldrel-macos-x86_64, r-oldrel-windows-x86_64