Last updated on 2024-12-19 23:50:34 CET.
Flavor | Version | Tinstall | Tcheck | Ttotal | Status | Flags |
---|---|---|---|---|---|---|
r-devel-linux-x86_64-debian-clang | 1.6 | 25.82 | 259.98 | 285.80 | OK | |
r-devel-linux-x86_64-debian-gcc | 1.6 | 17.32 | 183.02 | 200.34 | OK | |
r-devel-linux-x86_64-fedora-clang | 1.6 | 485.14 | OK | |||
r-devel-linux-x86_64-fedora-gcc | 1.6 | 485.66 | OK | |||
r-devel-windows-x86_64 | 1.6 | 36.00 | 385.00 | 421.00 | OK | |
r-patched-linux-x86_64 | 1.6 | 26.88 | 251.08 | 277.96 | OK | |
r-release-linux-x86_64 | 1.6 | 26.41 | 253.58 | 279.99 | OK | |
r-release-macos-arm64 | 1.6 | 134.00 | NOTE | |||
r-release-macos-x86_64 | 1.6 | 287.00 | NOTE | |||
r-release-windows-x86_64 | 1.6 | 35.00 | 365.00 | 400.00 | NOTE | |
r-oldrel-macos-arm64 | 1.6 | 188.00 | NOTE | |||
r-oldrel-macos-x86_64 | 1.6 | 308.00 | NOTE | |||
r-oldrel-windows-x86_64 | 1.6 | 39.00 | 409.00 | 448.00 | NOTE |
Version: 1.6
Check: installed package size
Result: NOTE
installed size is 9.0Mb
sub-directories of 1Mb or more:
doc 7.4Mb
Flavors: r-release-macos-arm64, r-release-macos-x86_64, r-release-windows-x86_64, r-oldrel-macos-arm64, r-oldrel-macos-x86_64, r-oldrel-windows-x86_64