Last updated on 2024-12-19 23:50:34 CET.
Flavor | Version | Tinstall | Tcheck | Ttotal | Status | Flags |
---|---|---|---|---|---|---|
r-devel-linux-x86_64-debian-clang | 0.7.0 | 335.43 | 133.49 | 468.92 | OK | |
r-devel-linux-x86_64-debian-gcc | 0.7.0 | 264.71 | 96.45 | 361.16 | OK | |
r-devel-linux-x86_64-fedora-clang | 0.7.0 | 780.48 | OK | |||
r-devel-linux-x86_64-fedora-gcc | 0.7.0 | 969.48 | OK | |||
r-devel-windows-x86_64 | 0.7.0 | 322.00 | 759.00 | 1081.00 | OK | |
r-patched-linux-x86_64 | 0.7.0 | 366.37 | 129.58 | 495.95 | OK | |
r-release-linux-x86_64 | 0.7.0 | 367.00 | 129.28 | 496.28 | OK | |
r-release-macos-arm64 | 0.7.0 | 204.00 | NOTE | |||
r-release-macos-x86_64 | 0.7.0 | 268.00 | NOTE | |||
r-release-windows-x86_64 | 0.7.0 | 331.00 | 722.00 | 1053.00 | NOTE | |
r-oldrel-macos-arm64 | 0.7.0 | 263.00 | NOTE | |||
r-oldrel-macos-x86_64 | 0.7.0 | 392.00 | NOTE | |||
r-oldrel-windows-x86_64 | 0.7.0 | 313.00 | 837.00 | 1150.00 | NOTE |
Version: 0.7.0
Check: installed package size
Result: NOTE
installed size is 278.2Mb
sub-directories of 1Mb or more:
L8NY18 2.2Mb
libs 274.7Mb
Flavors: r-release-macos-arm64, r-release-macos-x86_64, r-release-windows-x86_64, r-oldrel-macos-arm64, r-oldrel-macos-x86_64, r-oldrel-windows-x86_64