Last updated on 2024-12-19 23:50:34 CET.
Flavor | Version | Tinstall | Tcheck | Ttotal | Status | Flags |
---|---|---|---|---|---|---|
r-devel-linux-x86_64-debian-clang | 1.3-1 | 15.60 | 84.67 | 100.27 | OK | |
r-devel-linux-x86_64-debian-gcc | 1.3-1 | 12.77 | 61.47 | 74.24 | OK | |
r-devel-linux-x86_64-fedora-clang | 1.3-1 | 173.91 | OK | |||
r-devel-linux-x86_64-fedora-gcc | 1.3-1 | 188.20 | OK | |||
r-devel-windows-x86_64 | 1.3-1 | 22.00 | 136.00 | 158.00 | OK | |
r-patched-linux-x86_64 | 1.3-1 | 17.87 | 81.43 | 99.30 | OK | |
r-release-linux-x86_64 | 1.3-1 | 17.84 | 80.62 | 98.46 | OK | |
r-release-macos-arm64 | 1.3-1 | 64.00 | OK | |||
r-release-macos-x86_64 | 1.3-1 | 123.00 | OK | |||
r-release-windows-x86_64 | 1.3-1 | 20.00 | 18.00 | 38.00 | ERROR | |
r-oldrel-macos-arm64 | 1.3-1 | 64.00 | OK | |||
r-oldrel-macos-x86_64 | 1.3-1 | 124.00 | OK | |||
r-oldrel-windows-x86_64 | 1.3-1 | 25.00 | 154.00 | 179.00 | OK |
Version: 1.3-1
Check: package dependencies
Result: ERROR
Package required and available but unsuitable version: 'sdsfun'
See section 'The DESCRIPTION file' in the 'Writing R Extensions'
manual.
Flavor: r-release-windows-x86_64