Last updated on 2024-12-19 23:50:34 CET.
Flavor | Version | Tinstall | Tcheck | Ttotal | Status | Flags |
---|---|---|---|---|---|---|
r-devel-linux-x86_64-debian-clang | 1.3 | 5.24 | 35.64 | 40.88 | NOTE | |
r-devel-linux-x86_64-debian-gcc | 1.3 | 3.19 | 26.95 | 30.14 | NOTE | |
r-devel-linux-x86_64-fedora-clang | 1.3 | 65.04 | NOTE | |||
r-devel-linux-x86_64-fedora-gcc | 1.3 | 64.18 | NOTE | |||
r-devel-windows-x86_64 | 1.3 | 5.00 | 58.00 | 63.00 | NOTE | |
r-patched-linux-x86_64 | 1.3 | 4.50 | 34.57 | 39.07 | NOTE | |
r-release-linux-x86_64 | 1.3 | 4.83 | 33.77 | 38.60 | NOTE | |
r-release-macos-arm64 | 1.3 | 22.00 | NOTE | |||
r-release-macos-x86_64 | 1.3 | 31.00 | NOTE | |||
r-release-windows-x86_64 | 1.3 | 6.00 | 65.00 | 71.00 | NOTE | |
r-oldrel-macos-arm64 | 1.3 | 22.00 | OK | |||
r-oldrel-macos-x86_64 | 1.3 | 33.00 | OK | |||
r-oldrel-windows-x86_64 | 1.3 | 7.00 | 60.00 | 67.00 | OK |
Version: 1.3
Check: Rd files
Result: NOTE
checkRd: (-1) dental.Rd:15: Lost braces in \itemize; meant \describe ?
checkRd: (-1) dental.Rd:16: Lost braces in \itemize; meant \describe ?
checkRd: (-1) dental.Rd:17: Lost braces in \itemize; meant \describe ?
checkRd: (-1) dental.Rd:18: Lost braces in \itemize; meant \describe ?
checkRd: (-1) dental.Rd:19: Lost braces in \itemize; meant \describe ?
checkRd: (-1) dental.Rd:20: Lost braces in \itemize; meant \describe ?
checkRd: (-1) seizure.Rd:15: Lost braces in \itemize; meant \describe ?
checkRd: (-1) seizure.Rd:16: Lost braces in \itemize; meant \describe ?
checkRd: (-1) seizure.Rd:17: Lost braces in \itemize; meant \describe ?
checkRd: (-1) seizure.Rd:18: Lost braces in \itemize; meant \describe ?
checkRd: (-1) seizure.Rd:19: Lost braces in \itemize; meant \describe ?
checkRd: (-1) seizure.Rd:20: Lost braces in \itemize; meant \describe ?
checkRd: (-1) seizure.Rd:21: Lost braces in \itemize; meant \describe ?
Flavors: r-devel-linux-x86_64-debian-clang, r-devel-linux-x86_64-debian-gcc, r-devel-linux-x86_64-fedora-clang, r-devel-linux-x86_64-fedora-gcc, r-devel-windows-x86_64, r-patched-linux-x86_64, r-release-linux-x86_64, r-release-macos-arm64, r-release-macos-x86_64, r-release-windows-x86_64