CRAN Package Check Results for Package genepop

Last updated on 2024-12-19 23:50:34 CET.

Flavor Version Tinstall Tcheck Ttotal Status Flags
r-devel-linux-x86_64-debian-clang 1.2.2 81.65 36.34 117.99 NOTE
r-devel-linux-x86_64-debian-gcc 1.2.2 59.69 26.57 86.26 NOTE
r-devel-linux-x86_64-fedora-clang 1.2.2 216.82 NOTE
r-devel-linux-x86_64-fedora-gcc 1.2.2 231.84 NOTE
r-devel-windows-x86_64 1.2.2 84.00 87.00 171.00 NOTE
r-patched-linux-x86_64 1.2.2 87.29 32.39 119.68 NOTE
r-release-linux-x86_64 1.2.2 88.98 32.09 121.07 NOTE
r-release-macos-arm64 1.2.2 62.00 NOTE
r-release-macos-x86_64 1.2.2 61.00 NOTE
r-release-windows-x86_64 1.2.2 90.00 87.00 177.00 NOTE
r-oldrel-macos-arm64 1.2.2 75.00 NOTE
r-oldrel-macos-x86_64 1.2.2 120.00 NOTE
r-oldrel-windows-x86_64 1.2.2 101.00 91.00 192.00 NOTE

Check Details

Version: 1.2.2
Check: C++ specification
Result: NOTE Specified C++11: please drop specification unless essential Flavors: r-devel-linux-x86_64-debian-clang, r-devel-linux-x86_64-debian-gcc, r-devel-linux-x86_64-fedora-clang, r-devel-linux-x86_64-fedora-gcc, r-devel-windows-x86_64, r-patched-linux-x86_64, r-release-linux-x86_64, r-release-macos-arm64, r-release-macos-x86_64, r-release-windows-x86_64, r-oldrel-macos-arm64, r-oldrel-macos-x86_64, r-oldrel-windows-x86_64

Version: 1.2.2
Check: installed package size
Result: NOTE installed size is 11.7Mb sub-directories of 1Mb or more: doc 1.5Mb libs 9.3Mb Flavors: r-release-macos-arm64, r-release-macos-x86_64, r-oldrel-macos-arm64, r-oldrel-macos-x86_64