Last updated on 2024-12-19 23:50:34 CET.
Flavor | Version | Tinstall | Tcheck | Ttotal | Status | Flags |
---|---|---|---|---|---|---|
r-devel-linux-x86_64-debian-clang | 1.0-1 | 2.42 | 41.85 | 44.27 | OK | |
r-devel-linux-x86_64-debian-gcc | 1.0-1 | 1.97 | 31.57 | 33.54 | OK | |
r-devel-linux-x86_64-fedora-clang | 1.0-1 | 71.21 | OK | |||
r-devel-linux-x86_64-fedora-gcc | 1.0-1 | 66.22 | OK | |||
r-devel-windows-x86_64 | 1.0-1 | 3.00 | 62.00 | 65.00 | OK | |
r-patched-linux-x86_64 | 1.0-1 | 2.49 | 39.08 | 41.57 | NOTE | |
r-release-linux-x86_64 | 1.0-1 | 2.13 | 39.07 | 41.20 | NOTE | |
r-release-macos-arm64 | 1.0-1 | 22.00 | NOTE | |||
r-release-macos-x86_64 | 1.0-1 | 48.00 | NOTE | |||
r-release-windows-x86_64 | 1.0-1 | 3.00 | 58.00 | 61.00 | NOTE | |
r-oldrel-macos-arm64 | 1.0-1 | 24.00 | NOTE | |||
r-oldrel-macos-x86_64 | 1.0-1 | 37.00 | NOTE | |||
r-oldrel-windows-x86_64 | 1.0-1 | 4.00 | 68.00 | 72.00 | NOTE |
Version: 1.0-1
Check: LazyData
Result: NOTE
'LazyData' is specified without a 'data' directory
Flavors: r-patched-linux-x86_64, r-release-linux-x86_64, r-release-macos-arm64, r-release-macos-x86_64, r-release-windows-x86_64, r-oldrel-macos-arm64, r-oldrel-macos-x86_64, r-oldrel-windows-x86_64