CRAN Package Check Results for Package geostan

Last updated on 2024-12-19 23:50:34 CET.

Flavor Version Tinstall Tcheck Ttotal Status Flags
r-devel-linux-x86_64-debian-clang 0.8.1 303.34 505.10 808.44 OK
r-devel-linux-x86_64-debian-gcc 0.8.1 257.68 366.39 624.07 OK
r-devel-linux-x86_64-fedora-clang 0.8.1 1242.38 NOTE
r-devel-linux-x86_64-fedora-gcc 0.8.1 1377.84 NOTE
r-devel-windows-x86_64 0.8.1 241.00 602.00 843.00 OK
r-patched-linux-x86_64 0.8.1 321.62 502.62 824.24 NOTE
r-release-linux-x86_64 0.8.1 325.77 501.49 827.26 NOTE
r-release-macos-arm64 0.8.1 263.00 NOTE
r-release-macos-x86_64 0.8.1 444.00 NOTE
r-release-windows-x86_64 0.8.1 243.00 615.00 858.00 NOTE
r-oldrel-macos-arm64 0.8.1 311.00 NOTE
r-oldrel-macos-x86_64 0.8.1 452.00 NOTE
r-oldrel-windows-x86_64 0.8.1 331.00 692.00 1023.00 NOTE

Check Details

Version: 0.8.1
Check: dependencies in R code
Result: NOTE Namespaces in Imports field not imported from: ‘RcppParallel’ ‘rstantools’ ‘spData’ All declared Imports should be used. Flavors: r-devel-linux-x86_64-fedora-clang, r-devel-linux-x86_64-fedora-gcc

Version: 0.8.1
Check: for GNU extensions in Makefiles
Result: NOTE GNU make is a SystemRequirements. Flavors: r-patched-linux-x86_64, r-release-linux-x86_64, r-release-macos-arm64, r-release-macos-x86_64, r-release-windows-x86_64, r-oldrel-macos-arm64, r-oldrel-macos-x86_64, r-oldrel-windows-x86_64

Version: 0.8.1
Check: installed package size
Result: NOTE installed size is 112.1Mb sub-directories of 1Mb or more: doc 1.2Mb libs 109.6Mb Flavors: r-release-macos-arm64, r-release-macos-x86_64, r-release-windows-x86_64, r-oldrel-macos-arm64, r-oldrel-macos-x86_64, r-oldrel-windows-x86_64