CRAN Package Check Results for Package gg.gap

Last updated on 2024-12-19 23:50:34 CET.

Flavor Version Tinstall Tcheck Ttotal Status Flags
r-devel-linux-x86_64-debian-clang 1.3 3.95 39.96 43.91 OK
r-devel-linux-x86_64-debian-gcc 1.3 3.62 30.19 33.81 OK
r-devel-linux-x86_64-fedora-clang 1.3 71.55 OK
r-devel-linux-x86_64-fedora-gcc 1.3 66.70 OK
r-devel-windows-x86_64 1.3 7.00 56.00 63.00 OK
r-patched-linux-x86_64 1.3 3.69 38.06 41.75 NOTE
r-release-linux-x86_64 1.3 4.12 37.52 41.64 NOTE
r-release-macos-arm64 1.3 24.00 NOTE
r-release-macos-x86_64 1.3 34.00 NOTE
r-release-windows-x86_64 1.3 8.00 65.00 73.00 NOTE
r-oldrel-macos-arm64 1.3 27.00 NOTE
r-oldrel-macos-x86_64 1.3 34.00 NOTE
r-oldrel-windows-x86_64 1.3 7.00 67.00 74.00 NOTE

Check Details

Version: 1.3
Check: LazyData
Result: NOTE 'LazyData' is specified without a 'data' directory Flavors: r-patched-linux-x86_64, r-release-linux-x86_64, r-release-macos-arm64, r-release-macos-x86_64, r-release-windows-x86_64, r-oldrel-macos-arm64, r-oldrel-macos-x86_64, r-oldrel-windows-x86_64