CRAN Package Check Results for Package ggbrain

Last updated on 2024-12-19 23:50:34 CET.

Flavor Version Tinstall Tcheck Ttotal Status Flags
r-devel-linux-x86_64-debian-clang 0.8.1 110.66 146.32 256.98 OK
r-devel-linux-x86_64-debian-gcc 0.8.1 73.96 101.33 175.29 OK
r-devel-linux-x86_64-fedora-clang 0.8.1 478.70 OK
r-devel-linux-x86_64-fedora-gcc 0.8.1 475.68 OK
r-devel-windows-x86_64 0.8.1 112.00 166.00 278.00 OK
r-patched-linux-x86_64 0.8.1 104.80 136.36 241.16 OK
r-release-linux-x86_64 0.8.1 101.17 137.21 238.38 OK
r-release-macos-arm64 0.8.1 110.00 NOTE
r-release-macos-x86_64 0.8.1 139.00 NOTE
r-release-windows-x86_64 0.8.1 115.00 165.00 280.00 NOTE
r-oldrel-macos-arm64 0.8.1 120.00 NOTE
r-oldrel-macos-x86_64 0.8.1 220.00 NOTE
r-oldrel-windows-x86_64 0.8.1 134.00 209.00 343.00 NOTE

Check Details

Version: 0.8.1
Check: installed package size
Result: NOTE installed size is 8.2Mb sub-directories of 1Mb or more: doc 3.0Mb extdata 1.6Mb libs 3.0Mb Flavors: r-release-macos-arm64, r-release-macos-x86_64, r-release-windows-x86_64, r-oldrel-macos-arm64, r-oldrel-macos-x86_64, r-oldrel-windows-x86_64