CRAN Package Check Results for Package ggdmc

Last updated on 2024-12-19 23:50:34 CET.

Flavor Version Tinstall Tcheck Ttotal Status Flags
r-devel-linux-x86_64-debian-clang 0.2.6.0 89.92 59.92 149.84 NOTE
r-devel-linux-x86_64-debian-gcc 0.2.6.0 65.25 41.56 106.81 NOTE
r-devel-linux-x86_64-fedora-clang 0.2.6.0 285.49 NOTE
r-devel-linux-x86_64-fedora-gcc 0.2.6.0 291.55 NOTE
r-devel-windows-x86_64 0.2.6.0 92.00 95.00 187.00 NOTE
r-patched-linux-x86_64 0.2.6.0 90.38 55.77 146.15 NOTE
r-release-linux-x86_64 0.2.6.0 83.93 55.40 139.33 NOTE
r-release-macos-arm64 0.2.6.0 67.00 NOTE
r-release-macos-x86_64 0.2.6.0 75.00 NOTE
r-release-windows-x86_64 0.2.6.0 88.00 92.00 180.00 NOTE
r-oldrel-macos-arm64 0.2.6.0 73.00 NOTE
r-oldrel-macos-x86_64 0.2.6.0 131.00 NOTE
r-oldrel-windows-x86_64 0.2.6.0 107.00 115.00 222.00 NOTE

Check Details

Version: 0.2.6.0
Check: C++ specification
Result: NOTE Specified C++11: please drop specification unless essential Flavors: r-devel-linux-x86_64-debian-clang, r-devel-linux-x86_64-debian-gcc, r-devel-linux-x86_64-fedora-clang, r-devel-linux-x86_64-fedora-gcc, r-devel-windows-x86_64, r-patched-linux-x86_64, r-release-linux-x86_64, r-release-macos-arm64, r-release-macos-x86_64, r-release-windows-x86_64, r-oldrel-macos-arm64, r-oldrel-macos-x86_64, r-oldrel-windows-x86_64

Version: 0.2.6.0
Check: LazyData
Result: NOTE 'LazyData' is specified without a 'data' directory Flavors: r-patched-linux-x86_64, r-release-linux-x86_64, r-release-macos-arm64, r-release-macos-x86_64, r-release-windows-x86_64, r-oldrel-macos-arm64, r-oldrel-macos-x86_64, r-oldrel-windows-x86_64

Version: 0.2.6.0
Check: installed package size
Result: NOTE installed size is 5.4Mb sub-directories of 1Mb or more: libs 5.0Mb Flavors: r-release-macos-arm64, r-release-macos-x86_64, r-oldrel-macos-arm64, r-oldrel-macos-x86_64