CRAN Package Check Results for Package gginference

Last updated on 2024-12-19 23:50:34 CET.

Flavor Version Tinstall Tcheck Ttotal Status Flags
r-devel-linux-x86_64-debian-clang 0.1.3 4.55 43.46 48.01 OK
r-devel-linux-x86_64-debian-gcc 0.1.3 3.78 32.04 35.82 OK
r-devel-linux-x86_64-fedora-clang 0.1.3 76.13 NOTE
r-devel-linux-x86_64-fedora-gcc 0.1.3 71.02 NOTE
r-devel-windows-x86_64 0.1.3 8.00 64.00 72.00 OK
r-patched-linux-x86_64 0.1.3 5.23 40.22 45.45 OK
r-release-linux-x86_64 0.1.3 4.50 40.99 45.49 OK
r-release-macos-arm64 0.1.3 26.00 OK
r-release-macos-x86_64 0.1.3 38.00 OK
r-release-windows-x86_64 0.1.3 7.00 63.00 70.00 OK
r-oldrel-macos-arm64 0.1.3 26.00 OK
r-oldrel-macos-x86_64 0.1.3 40.00 OK
r-oldrel-windows-x86_64 0.1.3 9.00 72.00 81.00 OK

Check Details

Version: 0.1.3
Check: dependencies in R code
Result: NOTE Namespace in Imports field not imported from: ‘utils’ All declared Imports should be used. Flavors: r-devel-linux-x86_64-fedora-clang, r-devel-linux-x86_64-fedora-gcc