Last updated on 2024-12-19 23:50:34 CET.
Flavor | Version | Tinstall | Tcheck | Ttotal | Status | Flags |
---|---|---|---|---|---|---|
r-devel-linux-x86_64-debian-clang | 0.1.0 | 3.70 | 111.61 | 115.31 | NOTE | |
r-devel-linux-x86_64-debian-gcc | 0.1.0 | 2.57 | 80.35 | 82.92 | NOTE | |
r-devel-linux-x86_64-fedora-clang | 0.1.0 | 187.50 | OK | |||
r-devel-linux-x86_64-fedora-gcc | 0.1.0 | 190.10 | OK | |||
r-devel-windows-x86_64 | 0.1.0 | 5.00 | 129.00 | 134.00 | NOTE | |
r-patched-linux-x86_64 | 0.1.0 | 10.48 | 105.84 | 116.32 | OK | |
r-release-linux-x86_64 | 0.1.0 | 3.24 | 105.78 | 109.02 | OK | |
r-release-macos-arm64 | 0.1.0 | 50.00 | OK | |||
r-release-macos-x86_64 | 0.1.0 | 83.00 | OK | |||
r-release-windows-x86_64 | 0.1.0 | 6.00 | 118.00 | 124.00 | OK | |
r-oldrel-macos-arm64 | 0.1.0 | 49.00 | OK | |||
r-oldrel-macos-x86_64 | 0.1.0 | 103.00 | OK | |||
r-oldrel-windows-x86_64 | 0.1.0 | 6.00 | 140.00 | 146.00 | OK |
Version: 0.1.0
Check: Rd cross-references
Result: NOTE
Found the following Rd file(s) with Rd \link{} targets missing package
anchors:
theme_mice.Rd: mice, ggplot2
theme_minimice.Rd: mice, ggplot2
Please provide package anchors for all Rd \link{} targets not in the
package itself and the base packages.
Flavors: r-devel-linux-x86_64-debian-clang, r-devel-linux-x86_64-debian-gcc, r-devel-windows-x86_64