CRAN Package Check Results for Package ggthemes

Last updated on 2024-12-19 23:50:34 CET.

Flavor Version Tinstall Tcheck Ttotal Status Flags
r-devel-linux-x86_64-debian-clang 5.1.0 9.52 93.04 102.56 NOTE
r-devel-linux-x86_64-debian-gcc 5.1.0 6.17 61.77 67.94 NOTE
r-devel-linux-x86_64-fedora-clang 5.1.0 160.51 OK
r-devel-linux-x86_64-fedora-gcc 5.1.0 149.83 OK
r-devel-windows-x86_64 5.1.0 12.00 135.00 147.00 NOTE
r-patched-linux-x86_64 5.1.0 14.36 86.26 100.62 OK
r-release-linux-x86_64 5.1.0 8.49 88.07 96.56 OK
r-release-macos-arm64 5.1.0 47.00 OK
r-release-macos-x86_64 5.1.0 72.00 OK
r-release-windows-x86_64 5.1.0 12.00 121.00 133.00 OK
r-oldrel-macos-arm64 5.1.0 52.00 OK
r-oldrel-macos-x86_64 5.1.0 129.00 OK
r-oldrel-windows-x86_64 5.1.0 14.00 135.00 149.00 OK

Check Details

Version: 5.1.0
Check: Rd cross-references
Result: NOTE Found the following Rd file(s) with Rd \link{} targets missing package anchors: geom_tufteboxplot.Rd: stat_boxplot, geom_boxplot scale_color_tableau.Rd: discrete_scale scale_colour_canva.Rd: discrete_scale theme_solid.Rd: theme theme_tufte.Rd: geom_rug Please provide package anchors for all Rd \link{} targets not in the package itself and the base packages. Flavors: r-devel-linux-x86_64-debian-clang, r-devel-linux-x86_64-debian-gcc, r-devel-windows-x86_64