CRAN Package Check Results for Package ghypernet

Last updated on 2024-12-19 23:50:34 CET.

Flavor Version Tinstall Tcheck Ttotal Status Flags
r-devel-linux-x86_64-debian-clang 1.1.0 29.50 210.95 240.45 OK
r-devel-linux-x86_64-debian-gcc 1.1.0 18.21 148.01 166.22 OK
r-devel-linux-x86_64-fedora-clang 1.1.0 395.30 NOTE
r-devel-linux-x86_64-fedora-gcc 1.1.0 378.34 NOTE
r-devel-windows-x86_64 1.1.0 27.00 290.00 317.00 OK
r-patched-linux-x86_64 1.1.0 30.22 194.54 224.76 OK
r-release-linux-x86_64 1.1.0 29.25 194.38 223.63 OK
r-release-macos-arm64 1.1.0 100.00 OK
r-release-macos-x86_64 1.1.0 167.00 OK
r-release-windows-x86_64 1.1.0 28.00 230.00 258.00 OK
r-oldrel-macos-arm64 1.1.0 119.00 OK
r-oldrel-macos-x86_64 1.1.0 179.00 OK
r-oldrel-windows-x86_64 1.1.0 35.00 281.00 316.00 OK

Check Details

Version: 1.1.0
Check: dependencies in R code
Result: NOTE Namespace in Imports field not imported from: ‘methods’ All declared Imports should be used. Flavors: r-devel-linux-x86_64-fedora-clang, r-devel-linux-x86_64-fedora-gcc