CRAN Package Check Results for Package glm.deploy

Last updated on 2024-12-19 23:50:34 CET.

Flavor Version Tinstall Tcheck Ttotal Status Flags
r-devel-linux-x86_64-debian-clang 1.0.4 11.32 24.31 35.63 OK
r-devel-linux-x86_64-debian-gcc 1.0.4 9.74 19.95 29.69 OK
r-devel-linux-x86_64-fedora-clang 1.0.4 62.91 OK
r-devel-linux-x86_64-fedora-gcc 1.0.4 66.21 OK
r-devel-windows-x86_64 1.0.4 15.00 68.00 83.00 OK
r-patched-linux-x86_64 1.0.4 13.96 23.19 37.15 NOTE
r-release-linux-x86_64 1.0.4 14.05 23.31 37.36 NOTE
r-release-macos-arm64 1.0.4 23.00 NOTE
r-release-macos-x86_64 1.0.4 31.00 NOTE
r-release-windows-x86_64 1.0.4 15.00 67.00 82.00 NOTE
r-oldrel-macos-arm64 1.0.4 25.00 NOTE
r-oldrel-macos-x86_64 1.0.4 38.00 NOTE
r-oldrel-windows-x86_64 1.0.4 15.00 69.00 84.00 NOTE

Check Details

Version: 1.0.4
Check: LazyData
Result: NOTE 'LazyData' is specified without a 'data' directory Flavors: r-patched-linux-x86_64, r-release-linux-x86_64, r-release-macos-arm64, r-release-macos-x86_64, r-release-windows-x86_64, r-oldrel-macos-arm64, r-oldrel-macos-x86_64, r-oldrel-windows-x86_64