CRAN Package Check Results for Package glme

Last updated on 2024-12-19 23:50:34 CET.

Flavor Version Tinstall Tcheck Ttotal Status Flags
r-devel-linux-x86_64-debian-clang 0.1.0 4.73 37.87 42.60 OK
r-devel-linux-x86_64-debian-gcc 0.1.0 4.29 29.13 33.42 OK
r-devel-linux-x86_64-fedora-clang 0.1.0 67.93 OK
r-devel-linux-x86_64-fedora-gcc 0.1.0 63.44 OK
r-devel-windows-x86_64 0.1.0 6.00 57.00 63.00 OK
r-patched-linux-x86_64 0.1.0 4.53 35.33 39.86 NOTE
r-release-linux-x86_64 0.1.0 4.60 35.24 39.84 NOTE
r-release-macos-arm64 0.1.0 24.00 NOTE
r-release-macos-x86_64 0.1.0 33.00 NOTE
r-release-windows-x86_64 0.1.0 7.00 60.00 67.00 NOTE
r-oldrel-macos-arm64 0.1.0 25.00 NOTE
r-oldrel-macos-x86_64 0.1.0 37.00 NOTE
r-oldrel-windows-x86_64 0.1.0 8.00 61.00 69.00 NOTE

Check Details

Version: 0.1.0
Check: LazyData
Result: NOTE 'LazyData' is specified without a 'data' directory Flavors: r-patched-linux-x86_64, r-release-linux-x86_64, r-release-macos-arm64, r-release-macos-x86_64, r-release-windows-x86_64, r-oldrel-macos-arm64, r-oldrel-macos-x86_64, r-oldrel-windows-x86_64