Last updated on 2024-12-19 23:50:34 CET.
Flavor | Version | Tinstall | Tcheck | Ttotal | Status | Flags |
---|---|---|---|---|---|---|
r-devel-linux-x86_64-debian-clang | 0.1.8 | 236.50 | 145.40 | 381.90 | OK | |
r-devel-linux-x86_64-debian-gcc | 0.1.8 | 187.17 | 120.54 | 307.71 | OK | |
r-devel-linux-x86_64-fedora-clang | 0.1.8 | 581.91 | OK | |||
r-devel-linux-x86_64-fedora-gcc | 0.1.8 | 734.32 | OK | |||
r-devel-windows-x86_64 | 0.1.8 | 185.00 | 203.00 | 388.00 | OK | |
r-patched-linux-x86_64 | 0.1.8 | 272.45 | 156.07 | 428.52 | NOTE | |
r-release-linux-x86_64 | 0.1.8 | 233.25 | 158.56 | 391.81 | NOTE | |
r-release-macos-arm64 | 0.1.8 | 148.00 | NOTE | |||
r-release-macos-x86_64 | 0.1.8 | 241.00 | NOTE | |||
r-release-windows-x86_64 | 0.1.8 | 192.00 | 195.00 | 387.00 | NOTE | |
r-oldrel-macos-arm64 | 0.1.8 | 145.00 | NOTE | |||
r-oldrel-macos-x86_64 | 0.1.8 | 337.00 | NOTE | |||
r-oldrel-windows-x86_64 | 0.1.8 | 264.00 | 221.00 | 485.00 | NOTE |
Version: 0.1.8
Check: for GNU extensions in Makefiles
Result: NOTE
GNU make is a SystemRequirements.
Flavors: r-patched-linux-x86_64, r-release-linux-x86_64, r-release-macos-arm64, r-release-macos-x86_64, r-release-windows-x86_64, r-oldrel-macos-arm64, r-oldrel-macos-x86_64, r-oldrel-windows-x86_64
Version: 0.1.8
Check: installed package size
Result: NOTE
installed size is 93.0Mb
sub-directories of 1Mb or more:
libs 92.3Mb
Flavors: r-release-macos-arm64, r-release-macos-x86_64, r-oldrel-macos-arm64, r-oldrel-macos-x86_64