CRAN Package Check Results for Package gluvarpro

Last updated on 2024-12-19 23:50:34 CET.

Flavor Version Tinstall Tcheck Ttotal Status Flags
r-devel-linux-x86_64-debian-clang 7.0 8.29 64.92 73.21 OK
r-devel-linux-x86_64-debian-gcc 7.0 6.52 45.09 51.61 OK
r-devel-linux-x86_64-fedora-clang 7.0 122.51 OK
r-devel-linux-x86_64-fedora-gcc 7.0 113.19 OK
r-devel-windows-x86_64 7.0 12.00 86.00 98.00 OK
r-patched-linux-x86_64 7.0 8.99 61.46 70.45 OK
r-release-linux-x86_64 7.0 7.42 61.05 68.47 OK
r-release-macos-arm64 7.0 34.00 OK
r-release-macos-x86_64 7.0 84.00 ERROR
r-release-windows-x86_64 7.0 14.00 84.00 98.00 OK
r-oldrel-macos-arm64 7.0 36.00 OK
r-oldrel-macos-x86_64 7.0 69.00 ERROR
r-oldrel-windows-x86_64 7.0 13.00 103.00 116.00 OK

Check Details

Version: 7.0
Check: examples
Result: ERROR Running examples in ‘gluvarpro-Ex.R’ failed The error most likely occurred in: > ### Name: preprocessgvp > ### Title: preprocessing raw data from continuous glucose monitoring > ### Aliases: preprocessgvp > > ### ** Examples > > data("datagvp4") > preprocessgvp(datagvp4) Error in preprocessgvp(datagvp4) : Variable date and time must have yyyy/mm/dd and hh:mm:ss format. Execution halted Flavors: r-release-macos-x86_64, r-oldrel-macos-x86_64