Last updated on 2024-12-19 23:50:34 CET.
Flavor | Version | Tinstall | Tcheck | Ttotal | Status | Flags |
---|---|---|---|---|---|---|
r-devel-linux-x86_64-debian-clang | 1.0.1 | 2.10 | 41.52 | 43.62 | OK | |
r-devel-linux-x86_64-debian-gcc | 1.0.1 | 1.67 | 28.88 | 30.55 | OK | |
r-devel-linux-x86_64-fedora-clang | 1.0.1 | 73.64 | OK | |||
r-devel-linux-x86_64-fedora-gcc | 1.0.1 | 80.30 | OK | |||
r-devel-windows-x86_64 | 1.0.1 | 6.00 | 72.00 | 78.00 | OK | |
r-patched-linux-x86_64 | 1.0.1 | 2.29 | 35.03 | 37.32 | ERROR | |
r-release-linux-x86_64 | 1.0.1 | 1.93 | 36.53 | 38.46 | NOTE | |
r-release-macos-arm64 | 1.0.1 | 28.00 | NOTE | |||
r-release-macos-x86_64 | 1.0.1 | 54.00 | NOTE | |||
r-release-windows-x86_64 | 1.0.1 | 5.00 | 68.00 | 73.00 | NOTE | |
r-oldrel-macos-arm64 | 1.0.1 | 29.00 | NOTE | |||
r-oldrel-macos-x86_64 | 1.0.1 | 46.00 | NOTE | |||
r-oldrel-windows-x86_64 | 1.0.1 | 3.00 | 74.00 | 77.00 | NOTE |
Version: 1.0.1
Check: LazyData
Result: NOTE
'LazyData' is specified without a 'data' directory
Flavors: r-patched-linux-x86_64, r-release-linux-x86_64, r-release-macos-arm64, r-release-macos-x86_64, r-release-windows-x86_64, r-oldrel-macos-arm64, r-oldrel-macos-x86_64, r-oldrel-windows-x86_64
Version: 1.0.1
Check: re-building of vignette outputs
Result: ERROR
Error(s) in re-building vignettes:
...
--- re-building ‘kmeans_vignette.Rmd’ using rmarkdown
** Processing: /home/hornik/tmp/R.check/r-patched-gcc/Work/PKGS/gmfd.Rcheck/vign_test/gmfd/vignettes/kmeans_vignette_files/figure-html/unnamed-chunk-2-1.png
288x288 pixels, 3x8 bits/pixel, RGB
Input IDAT size = 25611 bytes
Input file size = 25725 bytes
Trying:
zc = 9 zm = 8 zs = 0 f = 0 IDAT size = 19410
zc = 9 zm = 8 zs = 1 f = 0
zc = 1 zm = 8 zs = 2 f = 0
zc = 9 zm = 8 zs = 3 f = 0
zc = 9 zm = 8 zs = 0 f = 5
zc = 9 zm = 8 zs = 1 f = 5
zc = 1 zm = 8 zs = 2 f = 5
zc = 9 zm = 8 zs = 3 f = 5
Selecting parameters:
zc = 9 zm = 8 zs = 0 f = 0 IDAT size = 19410
Output IDAT size = 19410 bytes (6201 bytes decrease)
Output file size = 19488 bytes (6237 bytes = 24.24% decrease)
Quitting from lines 143-153 [unnamed-chunk-5] (kmeans_vignette.Rmd)
Error: processing vignette 'kmeans_vignette.Rmd' failed with diagnostics:
'x' must be an array of at least two dimensions
--- failed re-building ‘kmeans_vignette.Rmd’
SUMMARY: processing the following file failed:
‘kmeans_vignette.Rmd’
Error: Vignette re-building failed.
Execution halted
Flavor: r-patched-linux-x86_64