CRAN Package Check Results for Package gnomonicM

Last updated on 2024-12-19 23:50:34 CET.

Flavor Version Tinstall Tcheck Ttotal Status Flags
r-devel-linux-x86_64-debian-clang 1.0.1 3.61 59.69 63.30 OK
r-devel-linux-x86_64-debian-gcc 1.0.1 3.37 43.31 46.68 OK
r-devel-linux-x86_64-fedora-clang 1.0.1 105.24 OK
r-devel-linux-x86_64-fedora-gcc 1.0.1 114.09 OK
r-devel-windows-x86_64 1.0.1 8.00 72.00 80.00 OK
r-patched-linux-x86_64 1.0.1 4.97 57.58 62.55 NOTE
r-release-linux-x86_64 1.0.1 4.45 57.49 61.94 NOTE
r-release-macos-arm64 1.0.1 35.00 NOTE
r-release-macos-x86_64 1.0.1 58.00 NOTE
r-release-windows-x86_64 1.0.1 8.00 71.00 79.00 NOTE
r-oldrel-macos-arm64 1.0.1 37.00 NOTE
r-oldrel-macos-x86_64 1.0.1 50.00 NOTE
r-oldrel-windows-x86_64 1.0.1 7.00 80.00 87.00 NOTE

Check Details

Version: 1.0.1
Check: LazyData
Result: NOTE 'LazyData' is specified without a 'data' directory Flavors: r-patched-linux-x86_64, r-release-linux-x86_64, r-release-macos-arm64, r-release-macos-x86_64, r-release-windows-x86_64, r-oldrel-macos-arm64, r-oldrel-macos-x86_64, r-oldrel-windows-x86_64