CRAN Package Check Results for Package gpcp

Last updated on 2024-12-19 23:50:34 CET.

Flavor Version Tinstall Tcheck Ttotal Status Flags
r-devel-linux-x86_64-debian-clang 0.1.0 59.51 393.02 452.53 OK
r-devel-linux-x86_64-debian-gcc 0.1.0 48.03 307.32 355.35 OK
r-devel-linux-x86_64-fedora-clang 0.1.0 753.22 NOTE
r-devel-linux-x86_64-fedora-gcc 0.1.0 737.22 NOTE
r-devel-windows-x86_64 0.1.0 69.00 352.00 421.00 OK
r-patched-linux-x86_64 0.1.0 55.74 373.95 429.69 OK
r-release-linux-x86_64 0.1.0 57.85 379.29 437.14 OK
r-release-macos-arm64 0.1.0 245.00 OK
r-release-macos-x86_64 0.1.0 349.00 OK
r-release-windows-x86_64 0.1.0 67.00 339.00 406.00 OK
r-oldrel-macos-arm64 0.1.0 9.00 ERROR
r-oldrel-macos-x86_64 0.1.0 384.00 OK
r-oldrel-windows-x86_64 0.1.0 88.00 471.00 559.00 OK

Check Details

Version: 0.1.0
Check: dependencies in R code
Result: NOTE Namespaces in Imports field not imported from: ‘BiocManager’ ‘snpStats’ All declared Imports should be used. Flavors: r-devel-linux-x86_64-fedora-clang, r-devel-linux-x86_64-fedora-gcc

Version: 0.1.0
Check: package dependencies
Result: ERROR Package required but not available: ‘snpStats’ See section ‘The DESCRIPTION file’ in the ‘Writing R Extensions’ manual. Flavor: r-oldrel-macos-arm64