CRAN Package Check Results for Package grangers

Last updated on 2024-12-19 23:50:34 CET.

Flavor Version Tinstall Tcheck Ttotal Status Flags
r-devel-linux-x86_64-debian-clang 0.1.0 4.18 35.56 39.74 NOTE
r-devel-linux-x86_64-debian-gcc 0.1.0 3.25 26.81 30.06 NOTE
r-devel-linux-x86_64-fedora-clang 0.1.0 65.21 NOTE
r-devel-linux-x86_64-fedora-gcc 0.1.0 60.02 NOTE
r-devel-windows-x86_64 0.1.0 6.00 56.00 62.00 NOTE
r-patched-linux-x86_64 0.1.0 3.76 33.51 37.27 NOTE
r-release-linux-x86_64 0.1.0 4.07 33.83 37.90 NOTE
r-release-macos-arm64 0.1.0 23.00 NOTE
r-release-macos-x86_64 0.1.0 32.00 NOTE
r-release-windows-x86_64 0.1.0 7.00 63.00 70.00 NOTE
r-oldrel-macos-arm64 0.1.0 23.00 OK
r-oldrel-macos-x86_64 0.1.0 33.00 OK
r-oldrel-windows-x86_64 0.1.0 7.00 60.00 67.00 OK

Check Details

Version: 0.1.0
Check: Rd files
Result: NOTE checkRd: (-1) Granger.inference.difference.Rd:65: Lost braces; missing escapes or markup? 65 | least one root larger than one) on bootstrapped \verb{x} and {y}. | ^ checkRd: (-1) Granger.inference.difference.Rd:68: Lost braces; missing escapes or markup? 68 | least one root larger than one) on bootstrapped \verb{x} and {z}. | ^ checkRd: (-1) Granger.inference.difference.Rd:71: Lost braces; missing escapes or markup? 71 | least one root larger than one) on bootstrapped \verb{x}, \verb{y} and {z}. | ^ Flavors: r-devel-linux-x86_64-debian-clang, r-devel-linux-x86_64-debian-gcc, r-devel-linux-x86_64-fedora-clang, r-devel-linux-x86_64-fedora-gcc, r-devel-windows-x86_64, r-patched-linux-x86_64, r-release-linux-x86_64, r-release-macos-arm64, r-release-macos-x86_64, r-release-windows-x86_64